nits digit of 11628757?
7
What is the units digit of 4727844?
4
What is the thousands digit of 2278187?
8
What is the units digit of 2518624?
4
What is the hundreds digit of 1239631?
6
What is the units digit of 87829?
9
What is the hundreds digit of 449007?
0
What is the thousands digit of 131761?
1
What is the hundreds digit of 356104?
1
What is the ten thousands digit of 88004?
8
What is the thousands digit of 8465034?
5
What is the thousands digit of 59225?
9
What is the hundreds digit of 575807?
8
What is the units digit of 22195729?
9
What is the hundreds digit of 7107436?
4
What is the units digit of 14252685?
5
What is the thousands digit of 189579?
9
What is the thousands digit of 2589140?
9
What is the millions digit of 2895812?
2
What is the ten thousands digit of 6773820?
7
What is the thousands digit of 13693304?
3
What is the ten millions digit of 16165778?
1
What is the ten millions digit of 15729984?
1
What is the tens digit of 228224?
2
What is the ten thousands digit of 14287120?
8
What is the tens digit of 59424?
2
What is the units digit of 1595117?
7
What is the units digit of 15962279?
9
What is the hundreds digit of 1187131?
1
What is the units digit of 749179?
9
What is the ten thousands digit of 215510?
1
What is the millions digit of 5345070?
5
What is the ten thousands digit of 1318514?
1
What is the units digit of 661227?
7
What is the tens digit of 3621232?
3
What is the tens digit of 382784?
8
What is the millions digit of 3405345?
3
What is the tens digit of 692813?
1
What is the tens digit of 12054924?
2
What is the hundreds digit of 13179218?
2
What is the tens digit of 687913?
1
What is the units digit of 1141647?
7
What is the tens digit of 26771022?
2
What is the ten thousands digit of 136054?
3
What is the units digit of 16428164?
4
What is the hundreds digit of 1001283?
2
What is the millions digit of 8837503?
8
What is the hundreds digit of 787672?
6
What is the tens digit of 1569139?
3
What is the ten thousands digit of 26575958?
7
What is the thousands digit of 1370224?
0
What is the hundred thousands digit of 8561820?
5
What is the units digit of 730314?
4
What is the thousands digit of 20326105?
6
What is the hundreds digit of 4052225?
2
What is the units digit of 747971?
1
What is the millions digit of 18157157?
8
What is the ten thousands digit of 355769?
5
What is the thousands digit of 971422?
1
What is the hundred thousands digit of 111797?
1
What is the units digit of 1402565?
5
What is the ten thousands digit of 1488911?
8
What is the thousands digit of 19015857?
5
What is the thousands digit of 2612577?
2
What is the units digit of 687452?
2
What is the hundreds digit of 2286824?
8
What is the millions digit of 1612893?
1
What is the millions digit of 2662626?
2
What is the hundreds digit of 104559?
5
What is the tens digit of 218050?
5
What is the hundred thousands digit of 189668?
1
What is the hundreds digit of 3328597?
5
What is the hundred thousands digit of 948818?
9
What is the thousands digit of 207743?
7
What is the ten thousands digit of 1147758?
4
What is the tens digit of 100136?
3
What is the units digit of 1833741?
1
What is the hundred thousands digit of 522918?
5
What is the tens digit of 829181?
8
What is the millions digit of 3607826?
3
What is the hundreds digit of 3898185?
1
What is the ten thousands digit of 917602?
1
What is the ten thousands digit of 1988422?
8
What is the thousands digit of 1666573?
6
What is the millions digit of 8410223?
8
What is the tens digit of 576243?
4
What is the units digit of 6940683?
3
What is the tens digit of 3892117?
1
What is the hundreds digit of 10887?
8
What is the thousands digit of 2069911?
9
What is the ten millions digit of 11557401?
1
What is the tens digit of 447520?
2
What is the ten thousands digit of 2385100?
8
What is the ten thousands digit of 5532571?
3
What is the hundred thousands digit of 2076503?
0
What is the units digit of 148780?
0
What is the hundred thousands digit of 23338383?
3
What is the thousands digit of 18001457?
1
What is the tens digit of 75216?
1
What is the units digit of 108379?
9
What is the thousands digit of 1123032?
3
What is the hundreds digit of 967872?
8
What is the hundred thousands digit of 1150405?
1
What is the units digit of 3030295?
5
What is the hundreds digit of 871662?
6
What is the hundred thousands digit of 849682?
8
What is the hundred thousands digit of 3061978?
0
What is the thousands digit of 315372?
5
What is the hundred thousands digit of 3805101?
8
What is the ten thousands digit of 3255786?
5
What is the thousands digit of 3192635?
2
What is the tens digit of 1448761?
6
What is the hundreds digit of 2433123?
1
What is the thousands digit of 593193?
3
What is the ten thousands digit of 1495843?
9
What is the tens digit of 6812424?
2
What is the thousands digit of 310112?
0
What is the tens digit of 3893359?
5
What is the ten thousands digit of 19754?
1
What is the ten thousands digit of 68952?
6
What is the units digit of 151793?
3
What is the units digit of 176864?
4
What is the hundreds digit of 305468?
4
What is the units digit of 98517?
7
What is the hundred thousands digit of 16974976?
9
What is the hundred thousands digit of 1935704?
9
What is the tens digit of 1359722?
2
What is the hundred thousands digit of 1243874?
2
What is the hundred thousands digit of 957215?
9
What is the units digit of 2128899?
9
What is the ten thousands digit of 1555817?
5
What is the tens digit of 285854?
5
What is the thousands digit of 342864?
2
What is the hundred thousands digit of 590006?
5
What is the hundreds digit of 58209?
2
What is the thousands digit of 52731?
2
What is the thousands digit of 18994393?
4
What is the ten thousands digit of 1527775?
2
What is the tens digit of 6793016?
1
What is the ten thousands digit of 1042764?
4
What is the units digit of 459556?
6
What is the tens digit of 94911?
1
What is the hundred thousands digit of 1564235?
5
What is the thousands digit of 11290034?
0
What is the ten thousands digit of 772000?
7
What is the tens digit of 247088?
8
What is the hundred thousands digit of 741180?
7
What is the units digit of 1104807?
7
What is the units digit of 335528?
8
What is the hundreds digit of 16994684?
6
What is the units digit of 4104933?
3
What is the millions digit of 9111889?
9
What is the hundred thousands digit of 1370402?
3
What is the ten thousands digit of 193173?
9
What is the hundred thousands digit of 132049?
1
What is the hundred thousands digit of 829543?
8
What is the ten millions digit of 15124220?
1
What is the hundreds digit of 1506663?
6
What is the tens digit of 7831884?
8
What is the tens digit of 3554212?
1
What is the units digit of 87039?
9
What is the hundreds digit of 2403220?
2
What is the ten thousands digit of 6890558?
9
What is the tens digit of 5805519?
1
What is the hundred thousands digit of 309007?
3
What is the hundred thousands digit of 401739?
4
What is the hundreds digit of 260029?
0
What is the tens digit of 5115863?
6
What is the millions digit of 1735983?
1
What is the thousands digit of 3986080?
6
What is the units digit of 226330?
0
What is the hundred thousands digit of 4387453?
3
What is the hundreds digit of 172?
1
What is the millions digit of 3458856?
3
What is the thousands digit of 85819?
5
What is the ten thousands digit of 292531?
9
What is the millions digit of 17452937?
7
What is the units digit of 195383?
3
What is the thousands digit of 14225732?
5
What is the ten thousands digit of 12834421?
3
What is the ten thousands digit of 2125896?
2
What is the hundred thousands digit of 234627?
2
What is the ten thousands digit of 5392662?
9
What is the units digit of 1825868?
8
What is the hundreds digit of 4858788?
7
What is the hundred thousands digit of 5333171?
3
What is the units digit of 25665697?
7
What is the thousands digit of 7968089?
8
What is the ten millions digit of 19363981?
1
What is the units digit of 6074880?
0
What is the thousands digit of 2996923?
6
What is the thousands digit of 2282729?
2
What is the hundred thousands digit of 35859031?
8
What is the ten thousands digit of 3110498?
1
What is the ten thousands digit of 5196600?
9
What is the millions digit of 1123538?
1
What is